r of 78?
True
Is 4827 a multiple of 36?
False
Does 27 divide 270?
True
Does 79 divide 31845?
False
Is 9044 a multiple of 99?
False
Is 30 a factor of 2970?
True
Is 46 a factor of 2254?
True
Is 5301 a multiple of 57?
True
Is 16 a factor of 640?
True
Is 6616 a multiple of 23?
False
Is 20 a factor of 19372?
False
Is 8215 a multiple of 123?
False
Is 14 a factor of 1708?
True
Is 1236 a multiple of 12?
True
Is 2083 even?
False
Is 638 a multiple of 5?
False
Is 173 a factor of 24889?
False
Does 21 divide 4683?
True
Does 4 divide 28828?
True
Is 306 a multiple of 14?
False
Is 10 a factor of 1110?
True
Is 160 a factor of 2240?
True
Is 27 a factor of 1377?
True
Is 24200 a multiple of 8?
True
Is 11546 a multiple of 3?
False
Is 31 a factor of 4466?
False
Does 41 divide 311?
False
Is 155 a multiple of 36?
False
Does 7 divide 63?
True
Is 37 a factor of 33521?
False
Does 21 divide 61694?
False
Is 48 a factor of 192?
True
Does 16 divide 2224?
True
Is 47 a factor of 11891?
True
Is 6460 a multiple of 19?
True
Is 8385 a multiple of 129?
True
Is 6220 a multiple of 8?
False
Is 7112 a multiple of 127?
True
Does 33 divide 3731?
False
Does 35 divide 8855?
True
Is 1704 a multiple of 28?
False
Is 5 a factor of 1255?
True
Is 53220 a multiple of 30?
True
Is 25 a factor of 1260?
False
Is 58 a multiple of 58?
True
Is 153 a factor of 18972?
True
Does 23 divide 1449?
True
Is 53 a factor of 10282?
True
Is 401 a multiple of 28?
False
Does 123 divide 9942?
False
Does 5 divide 1627?
False
Is 15 a factor of 410?
False
Is 3018 a multiple of 41?
False
Is 7676 a multiple of 91?
False
Is 63 a multiple of 7?
True
Is 83 a factor of 5395?
True
Is 37848 a multiple of 201?
False
Is 2 a factor of 113?
False
Does 106 divide 15396?
False
Is 76 a factor of 15656?
True
Is 18 a factor of 666?
True
Is 5074 a multiple of 58?
False
Is 13 a factor of 11631?
False
Is 18 a factor of 14046?
False
Is 16 a factor of 416?
True
Is 9 a factor of 85417?
False
Is 2684 a multiple of 6?
False
Does 58 divide 144?
False
Does 3 divide 195?
True
Is 42 a factor of 1806?
True
Is 30 a factor of 3124?
False
Is 549 a multiple of 9?
True
Does 14 divide 114?
False
Is 6702 a multiple of 38?
False
Is 4 a factor of 700?
True
Is 31 a factor of 6138?
True
Is 13539 a multiple of 33?
False
Does 5 divide 606?
False
Does 4 divide 208?
True
Does 43 divide 62920?
False
Is 177 a factor of 60665?
False
Does 16 divide 49778?
False
Is 7 a factor of 82?
False
Is 33547 a multiple of 89?
False
Is 14 a factor of 3661?
False
Is 7 a factor of 456?
False
Is 1320 a multiple of 20?
True
Is 5760 a multiple of 45?
True
Is 240 a multiple of 24?
True
Is 1359 a multiple of 36?
False
Is 978 a multiple of 6?
True
Is 5780 a multiple of 13?
False
Does 43 divide 18650?
False
Is 1541 a multiple of 23?
True
Is 24 a factor of 5640?
True
Is 4 a factor of 113?
False
Does 3 divide 1707?
True
Does 7 divide 539?
True
Does 131 divide 1179?
True
Does 3 divide 133?
False
Is 22 a factor of 22243?
False
Does 53 divide 5247?
True
Is 2 a factor of 1963?
False
Is 10 a factor of 560?
True
Does 24 divide 58752?
True
Does 14 divide 14750?
False
Does 57 divide 16953?
False
Is 731 a multiple of 3?
False
Does 155 divide 39060?
True
Does 7 divide 274?
False
Is 17746 a multiple of 51?
False
Is 63030 a multiple of 110?
True
Is 10 a factor of 3294?
False
Is 5 a factor of 20?
True
Does 90 divide 11790?
True
Is 170 a multiple of 41?
False
Does 35 divide 2520?
True
Is 29 a factor of 2175?
True
Is 185 a multiple of 25?
False
Does 123 divide 10724?
False
Is 29524 a multiple of 484?
True
Does 46 divide 2193?
False
Does 237 divide 8769?
True
Does 32 divide 224?
True
Does 6 divide 23112?
True
Is 1080 a multiple of 11?
False
Does 47 divide 2115?
True
Is 640 even?
True
Does 55 divide 415?
False
Does 39 divide 52377?
True
Is 330 a multiple of 6?
True
Is 2521 a multiple of 11?
False
Does 67 divide 31080?
False
Does 3 divide 234?
True
Is 16 a factor of 8496?
True
Is 15872 a multiple of 16?
True
Is 7485 a multiple of 29?
False
Is 119 a factor of 952?
True
Is 46576 a multiple of 142?
True
Does 112 divide 6237?
False
Is 2647 a multiple of 39?
False
Is 150 a multiple of 25?
True
Is 64 a factor of 15872?
True
Is 5 a factor of 159?
False
Does 128 divide 11264?
True
Does 2 divide 307?
False
Is 9 a factor of 1017?
True
Is 332 a multiple of 17?
False
Is 10311 a multiple of 21?
True
Is 58 a factor of 12474?
False
Is 1024 a multiple of 8?
True
Is 19 a factor of 78?
False
Does 12 divide 6972?
True
Does 11 divide 13288?
True
Is 1702 a multiple of 8?
False
Is 348 a multiple of 3?
True
Is 1846 a multiple of 71?
True
Is 93 a factor of 372?
True
Is 43 a factor of 478?
False
Does 34 divide 6964?
False
Does 61 divide 5795?
True
Is 3629 a multiple of 191?
True
Is 11 a factor of 22394?
False
Is 380 a multiple of 20?
True
Is 19 a factor of 10677?
False
Is 2624 a multiple of 82?
True
Is 3320 a multiple of 10?
True
Is 18 a factor of 1458?
True
Does 35 divide 665?
True
Does 36 divide 86328?
True
Does 14 divide 3086?
False
Is 9504 a multiple of 96?
True
Does 6 divide 1464?
True
Is 32 a factor of 88768?
True
Is 2154 a multiple of 2?
True
Is 16 a factor of 7744?
True
Does 13 divide 117?
True
Does 4 divide 1559?
False
Is 30 a factor of 18091?
False
Is 47 a factor of 329?
True
Is 5 a factor of 1640?
True
Does 19 divide 7239?
True
Does 18 divide 108?
True
Is 32 a factor of 369?
False
Does 72 divide 82801?
False
Does 26 divide 1227?
False
Is 30912 a multiple of 84?
True
Is 4802 a multiple of 122?
False
Does 12 divide 1637?
False
Is 185 a factor of 9990?
True
Is 2752 a multiple of 17?
False
Does 63 divide 28236?
False
Does 63 divide 1197?
True
Is 92 a factor of 6256?
True
Is 37060 a multiple of 17?
True
Is 529 a multiple of 23?
True
Is 13050 a multiple of 45?
True
Is 73 a factor of 12792?
False
Is 6763 a multiple of 104?
False
Is 71 a factor of 213?
True
Is 22 a factor of 12782?
True
Is 30 a factor of 20910?
True
Is 10 a factor of 15396?
False
Is 3312 a multiple of 21?
False
Is 569 a multiple of 18?
False
Is 600 a multiple of 19?
False
Is 12 a factor of 2136?
True
Is 57 a factor of 342?
True
Is 27 a factor of 783?
True
Is 1043 a multiple of 149?
True
Is 15 a factor of 7005?
True
Does 2 divide 329?
False
Is 331 even?
False
Is 12 a factor of 33444?
True
Does 178 divide 4780?
False
Is 8 a factor of 4440?
True
Is 33 a factor of 4158?
True
Is 38766 a multiple of 182?
True
Is 197 a factor of 73530?
False
Is 53 a factor of 1081?
False
Is 1145 a multiple of 5?
True
Is 97 a factor of 63729?
True
Does 15 divide 2955?
True
Is 5 a factor of 40?
True
Does 26 divide 702?
True
Is 210 a multiple of 105?
True
Is 832 a multiple of 52?
True
Is 10854 a multiple of 110?
False
Does 44 divide 125866?
False
Is 2414 a multiple of 17?
True
Does 46 divide 65826?
True
Is 36621 a multiple of 17?
False
Does 75 divide 6300?
True
Is 1921 a multiple of 113?
True
Does 100 divide 104700?
True
Does 44 divide 3753?
False
Is 417 a multiple of 3?
True
Is 5896 a multiple of 44?
True
Is 135 a multiple of 5?
True
Is 2093 a multiple of 10?
False
Does 12 divide 125?
False
Does 8 divide 5368?
True
Is 16 a factor of 5465?
False
Is 9 a factor of 1899?
True
Is 7110 a multiple of 45?
True
Does 10 divide 730?
True
Is 34 a factor of 8618?
False
Is 31 a factor of 67487?
True
Is 90 a multiple of 2?
True
Is 59 a factor of 5667?
False
Does 91 divide 2366?
True
Does 24 divide 10704?
True
Is 45 a factor of 25454?
False
Is 43355 a multiple of 42?
False
Does 62 divide 1638?
False
Is 67 a factor of 25221?
False
Does 147 divide 588?
True
Is 945 a multiple of 9?
True
Does 14 divide 884?
False
Is 91 a factor of 26208?
True
Does 3 divide 5109?
True
Is 14988 a multiple of 16?
False
Is 16 a factor of 4550?
False
Is 432 a multiple of 24?
True
Is 2145 a multiple of 13?
True
Is 26 a factor of 494?
True
Is 45 a factor of 585?
True
Is 3 a factor of 40?
False
Is 732 a multiple of 61?
True
Is 6165 a multiple of 81?
False
Is 39 a factor of 14391?
True
Is 11 a factor of 1881?
True
Is 48 a factor of 3639?
False
Is 129 a factor of 50993?
False
Is 25 a factor of 52631?
False
Is 7 a factor of 30913?
False
Does 20 divide 797?
False
Is 5481 a multiple of 28?
False
Is 701 a multiple of 19?
False
Is 1546 even?
True
Is 6 a factor of 510?
True
Is 1235 a multiple of 65?
True
Is 101 a factor of 1919?
True
Is